 833/2 is divided by r(18)?
26
Let h = 1 + 2. Suppose -2*f + 2*n = -n - 7, h*n + 23 = 4*f. Suppose -f*d + 60 = -4*d. What is the remainder when 44 is divided by d?
14
Let u = 406 + -276. Let l be (-20 - -29 - 13) + -8. Let r = l + u. What is the remainder when r is divided by 40?
38
Let u = -50 - -50. Let q be 0*((2 - 3)*1)/(-1). Suppose q = -3*l - u*l + 24. Calculate the remainder when l is divided by 3.
2
Let f = 2575 + -2551. Calculate the remainder when 37 is divided by f.
13
Suppose -w + 13 = -36. Let a = w + 13. Calculate the remainder when a is divided by 22.
18
Suppose m = 0, 4*o = 6*o + 2*m - 232. What is the remainder when o is divided by 14?
4
Suppose -24 = -2*a - 4*w + 70, -11*a - 2*w = -637. What is the remainder when a is divided by 3/(-15) + (-81)/(-5)?
11
Let m(r) = 17*r + 48. Let a be m(-8). Let y = a - -130. Calculate the remainder when 73 is divided by y.
31
Suppose -3*d = -2*u - u + 21, 15 = 3*d. Suppose 195*j - 30 = 201*j. What is the remainder when (j*(-5)/(-50))/((-2)/92) is divided by u?
11
Suppose -5*o + 132*p - 137*p + 815 = 0, 4*p + 524 = 3*o. What is the remainder when 672 is divided by o?
0
Suppose 389*g + 48874 = 1420*g - 77939. Let p(c) be the third derivative of c**5/4 + c**4/24 - 2*c**2. Calculate the remainder when g is divided by p(-1).
11
Let h = 65 - 34. Let i(m) = -m**3 + 47*m**2 - 85*m - 213. Calculate the remainder when h is divided by i(45).
7
Let c(p) = 3*p - 19. Let r be c(7). Let j = r - -65. Suppose 2*h - 40 = 4*v, -26 + 6 = -3*h - 2*v. What is the remainder when j is divided by h?
7
Let f(o) = 3*o**2 + 16*o - 8. Let r be f(6). Suppose r = 13*d - 116. What is the remainder when 68 is divided by d?
20
Let x(u) = -4*u - 9. Let m be x(-3). Let d(s) = s**3 - 2*s**2 + 3*s - 12. Calculate the remainder when -3*1/((-3)/23) is divided by d(m).
5
Suppose 0 = -5*d + 5*h + 605, d = -4*d - h + 623. Let p = d - 49. What is the remainder when p is divided by (19*(-4)/10)/((-5)/25)?
37
Let a = -158 + 272. Suppose -6*m + 15 = 3*m - 21. Calculate the remainder when a is divided by m.
2
Suppose -4*r - 2*u - 719 + 211 = 0, 2*u = 8. Let w = r + 254. What is the remainder when w is divided by 16?
13
Let w(i) = i**2 - 13*i + 2. Suppose 6*y = 58 - 10. What is the remainder when w(16) is divided by y*-1*(-196)/112?
8
What is the remainder when 658 is divided by (-3)/(148/(-36) + 5/((-5)/(-4)))?
10
Calculate the remainder when -5 - 576/(-12) - -4 is divided by 10.
7
Let q = -269 + 454. Calculate the remainder when q is divided by 16/((-288)/(-711)) - (-3)/(-2).
33
Let u(k) = -k**3 + 81*k**2 + 131*k - 367. Calculate the remainder when u(82) is divided by 43.
39
Let a(k) = -95*k - 360. Let l(h) = 8*h + 30. Let f(p) = 3*a(p) + 35*l(p). Let m = -50 + 60. What is the remainder when f(-11) is divided by m?
5
Let p(b) = 2*b**2 + 9*b + 8. Let m = -487 - -620. Suppose 4*g + 4*i = 504, 3*g - 237 = 5*i + m. What is the remainder when g is divided by p(-7)?
39
Suppose 3*z - 37 = 2*u - 4, -z = -4*u + 9. Calculate the remainder when 3042 is divided by z.
12
Suppose p - 4*u = 4882, -2*u - 11813 = -3*p + 2843. What is the remainder when p is divided by 104?
102
Let c = 39 + -29. Suppose -12*m = -c*m - 72. Suppose t - m = 96. What is the remainder when t is divided by 15?
12
Let p(k) be the third derivative of -k**4/6 + 41*k**3/6 + 10*k**2 + 2*k. What is the remainder when p(0) is divided by 16?
9
Let w be (64/40)/1 + (-6)/10. Let q = 19 + 14. Calculate the remainder when 28/(-7) + w - 4*-16 is divided by q.
28
Suppose 25 - 73 = -4*k. Let d(c) = 7*c**2 + 270*c + 839. Calculate the remainder when d(-3) is divided by k.
8
Suppose -5716*j + 5711*j + 497 = -723. What is the remainder when j is divided by 159?
85
Let f = -55 + 124. Suppose -3*n = 4*d - 6*n - 87, -2*d + 36 = -4*n. Let m = f - d. Calculate the remainder when m is divided by 8.
5
Suppose 3*t = 18, 4*b + 30*t = 34*t + 12. Let h(k) = 7*k - 2. Calculate the remainder when h(5) is divided by b.
6
Let h be 5/(-1) + (0 - -7 - 6). What is the remainder when ((h - 1) + 4)*-49 is divided by 17?
15
Suppose 2333 = 346*a - 12891. Calculate the remainder when 4575 is divided by a.
43
Let w(y) = 10*y**3 - 14*y**2 + 83*y + 12. What is the remainder when 3986 is divided by w(5)?
5
Let y = -31547 - -35976. Calculate the remainder when y is divided by 21.
19
Let w(o) = o**3 + 11*o**2 - 3*o - 3. Let m be w(-11). Suppose -m = -4*p - 2*b + 4, 3*p = 3*b + 39. What is the remainder when 65 is divided by p?
5
Suppose -936*l = -620*l - 48980. What is the remainder when 1435 is divided by l?
40
Suppose -4*i + 3*z = -705, -16*i - 4*z = -14*i - 380. What is the remainder when 268 is divided by i?
88
Calculate the remainder when 3362 is divided by (-14 - -12)*(1 + (-183)/6).
58
Let p(i) = 4*i**3 - 16*i**2 + 2*i - 6. Let a be p(4). Suppose 4*y = 4*l + 184, 7*y - 218 = a*y + l. What is the remainder when y is divided by 28?
15
Let t be (-23)/(-1) + 4/(-1). Let l(y) = -2*y**2 + 39*y - 1. What is the remainder when 31 is divided by l(t)?
13
Suppose -3*b + 5*d + 29 = 0, -4*b + b + 15*d + 69 = 0. Calculate the remainder when 128 is divided by b.
2
Let a(m) = 18*m - 36. Let b be a(-12). Calculate the remainder when (b/(-49))/((-6)/(-63)*3) is divided by 10.
8
Let n(f) = 4*f**2 - 65*f + 164. What is the remainder when n(-18) is divided by 47?
45
Suppose 2*y = 5 - 1. Suppose -y*c - 4*g + 496 = -432, -5*c = -g - 2276. Calculate the remainder when 48 is divided by (-2)/(-4) - c/(-48).
8
Suppose 254*q - 44877 = 102*q + 131*q. What is the remainder when q is divided by 126?
121
Suppose 15 - 42 = -9*v. What is the remainder when v/(-5) - (-6 + 93/(-5)) is divided by 13?
11
Suppose u + 30 = 26. Let l(h) = h**3 + 6*h**2 + 5*h + 4. Let j be l(u). Suppose -69 = -j*x - 5. What is the remainder when 11 is divided by x?
3
Suppose 13 - 25 = -3*i. Let v be i + (3 - -1 - -72). Let q = v - 49. What is the remainder when 59 is divided by q?
28
Suppose -3*c + 12*b + 30 = 0, -498 = -2*c - b - 415. Calculate the remainder when 1365 is divided by c.
35
Let g = -9245 + 9833. What is the remainder when g is divided by 38?
18
Let b(a) = -555*a - 2200. What is the remainder when 93 is divided by b(-4)?
13
Let o(z) = z**2 + 28*z - 126. What is the remainder when 1043 is divided by o(-33)?
29
Suppose -3*x + 2*u + 13278 + 2882 = 0, -5*u - 21535 = -4*x. What is the remainder when x is divided by 65?
60
Calculate the remainder when ((-5)/10)/(1/(-22)) is divided by ((-36)/(-21))/((-4)/(-14)).
5
Calculate the remainder when 7/(140/12925) - (-24)/(-96) is divided by 84.
58
Suppose -5*y + 24 - 2 = 3*s, 3*s + 3*y - 18 = 0. Suppose d - 3*g = 37, 2 = d + s*g - 0. Let c(o) = -o + 27. What is the remainder when 37 is divided by c(d)?
2
Calculate the remainder when ((-36)/(-10))/((-21)/(-4095)) is divided by 67.
32
Let b(r) = -263 + 263 - r - 3*r. Suppose 4*x = 20, 5*c + 9*x = 4*x + 120. What is the remainder when c is divided by b(-1)?
3
Let r = 19 - 13. Suppose -3*y + y - 173 = -3*v, r = 3*y. Let i = v + -34. What is the remainder when i is divided by 9?
7
Suppose -4*z = 2*i - 438, 3*z - 278 - 64 = 3*i. Suppose 0 = -4*l - 20, -c + 5*c + l - z = 0. Let w = 25 + -8. Calculate the remainder when c is divided by w.
12
Suppose 5*p = 5*j - 1125, -2*j - 92*p + 448 = -95*p. What is the remainder when j is divided by 115?
112
Let k = -56 + 34. Calculate the remainder when (-92)/10*(77/k + 1) is divided by 18.
5
Let a(m) = m - 1. Let t(y) = 22*y + 106. Let h(g) = -2*a(g) + 2*t(g). What is the remainder when h(9) is divided by 66?
64
Suppose 9*g + 16*g = -50. What is the remainder when 66 is divided by (1/(-1))/(g*(-4)/(-184))?
20
Calculate the remainder when (28 - 874/46)/(-2*(-1)/326) is divided by 28.
11
Suppose -q - 2*q - 3*l + 27 = 0, -3*q + 33 = l. Calculate the remainder when 1170 is divided by q.
6
Let m(h) = -14*h**2 - 279*h + 37. Let j(w) = 9*w**2 - 2*w - 2. Calculate the remainder when m(-20) is divided by j(-1).
8
Let v(k) = k**3 - 47*k**2 + 51*k - 226. Let y be v(46). Suppose 3*i - 139 = 5*h, 28*i - 27*i + y*h - 35 = 0. What is the remainder when 857 is divided by i?
40
Let p(u) = 22*u**2 - u + 5. Let n be p(-2). Let f = -92 + n. Suppose -5*y = f*g - 591, -268 = -3*y + 2*g + 79. Calculate the remainder when y is divided by 40.
37
Let t = 3235 - 310